divided by 8?
1
What is the remainder when 137833 is divided by 7?
3
Calculate the remainder when 175443 is divided by 9233.
16
What is the remainder when 51402 is divided by 2350?
2052
What is the remainder when 451 is divided by 196?
59
What is the remainder when 2674 is divided by 99?
1
Calculate the remainder when 9441 is divided by 296.
265
What is the remainder when 34770 is divided by 335?
265
Calculate the remainder when 2791 is divided by 24.
7
Calculate the remainder when 87174 is divided by 681.
6
What is the remainder when 17881 is divided by 1334?
539
What is the remainder when 89659 is divided by 37?
8
Calculate the remainder when 79067 is divided by 79058.
9
Calculate the remainder when 18485 is divided by 163.
66
What is the remainder when 26714 is divided by 22?
6
What is the remainder when 148433 is divided by 8730?
23
Calculate the remainder when 64012 is divided by 800.
12
What is the remainder when 16851 is divided by 234?
3
Calculate the remainder when 5053 is divided by 175.
153
What is the remainder when 19195 is divided by 400?
395
Calculate the remainder when 722287 is divided by 56.
55
Calculate the remainder when 557 is divided by 134.
21
What is the remainder when 60377 is divided by 347?
346
What is the remainder when 1064581 is divided by 16378?
11
Calculate the remainder when 1716 is divided by 88.
44
What is the remainder when 23213 is divided by 101?
84
Calculate the remainder when 323042 is divided by 20190.
2
What is the remainder when 27482 is divided by 118?
106
What is the remainder when 22289 is divided by 837?
527
Calculate the remainder when 45551 is divided by 115.
11
What is the remainder when 48142 is divided by 24?
22
What is the remainder when 5334 is divided by 2659?
16
What is the remainder when 44226 is divided by 8836?
46
Calculate the remainder when 1779020 is divided by 14.
12
What is the remainder when 3315 is divided by 3298?
17
Calculate the remainder when 347 is divided by 16.
11
What is the remainder when 11818 is divided by 2287?
383
Calculate the remainder when 1220414 is divided by 8.
6
What is the remainder when 1646 is divided by 27?
26
Calculate the remainder when 3963 is divided by 66.
3
What is the remainder when 6963 is divided by 5301?
1662
Calculate the remainder when 173996 is divided by 11599.
11
Calculate the remainder when 3528 is divided by 236.
224
What is the remainder when 10822 is divided by 183?
25
Calculate the remainder when 36725 is divided by 593.
552
What is the remainder when 39979 is divided by 19?
3
What is the remainder when 197 is divided by 137?
60
Calculate the remainder when 1871 is divided by 702.
467
What is the remainder when 34191 is divided by 1899?
9
Calculate the remainder when 388317 is divided by 15.
12
Calculate the remainder when 116137 is divided by 4838.
25
Calculate the remainder when 2198 is divided by 1620.
578
Calculate the remainder when 11884 is divided by 60.
4
Calculate the remainder when 1804 is divided by 874.
56
What is the remainder when 21792 is divided by 5443?
20
What is the remainder when 189269 is divided by 523?
466
What is the remainder when 4512 is divided by 1486?
54
What is the remainder when 32937 is divided by 32867?
70
What is the remainder when 11403 is divided by 119?
98
Calculate the remainder when 16730 is divided by 117.
116
What is the remainder when 10077 is divided by 4?
1
What is the remainder when 33558 is divided by 958?
28
What is the remainder when 118441 is divided by 4?
1
What is the remainder when 94833 is divided by 499?
23
Calculate the remainder when 34206 is divided by 110.
106
What is the remainder when 11884999 is divided by 250?
249
Calculate the remainder when 544 is divided by 32.
0
Calculate the remainder when 92134 is divided by 83.
4
Calculate the remainder when 1486 is divided by 289.
41
Calculate the remainder when 5689 is divided by 898.
301
Calculate the remainder when 109381 is divided by 765.
751
Calculate the remainder when 3243 is divided by 1897.
1346
Calculate the remainder when 2777 is divided by 2765.
12
What is the remainder when 918 is divided by 475?
443
What is the remainder when 1033135 is divided by 207?
205
What is the remainder when 235617 is divided by 374?
371
Calculate the remainder when 7601 is divided by 297.
176
Calculate the remainder when 105786 is divided by 71.
67
What is the remainder when 24866 is divided by 47?
3
Calculate the remainder when 3026979 is divided by 14.
11
What is the remainder when 7688 is divided by 2307?
767
What is the remainder when 718 is divided by 75?
43
What is the remainder when 68747 is divided by 550?
547
Calculate the remainder when 25823 is divided by 890.
13
Calculate the remainder when 104199 is divided by 63.
60
Calculate the remainder when 3486 is divided by 2664.
822
What is the remainder when 163784 is divided by 11?
5
What is the remainder when 28383 is divided by 5?
3
What is the remainder when 1128176 is divided by 30?
26
Calculate the remainder when 3926 is divided by 111.
41
What is the remainder when 219246 is divided by 153?
150
What is the remainder when 2443 is divided by 44?
23
Calculate the remainder when 2540240 is divided by 99.
98
Calculate the remainder when 11458 is divided by 3819.
1
What is the remainder when 15277 is divided by 1158?
223
Calculate the remainder when 106872 is divided by 999.
978
What is the remainder when 8069 is divided by 27?
23
Calculate the remainder when 125470 is divided by 48.
46
What is the remainder when 30455 is divided by 36?
35
Calculate the remainder when 10235 is divided by 5101.
33
What is the remainder when 217488 is divided by 65?
63
What is the remainder when 1500 is divided by 125?
0
What is the remainder when 65585 is divided by 135?
110
What is the remainder when 13115 is divided by 4261?
332
What is the remainder when 99959 is divided by 49?
48
Calculate the remainder when 1043124 is divided by 7096.
12
What is the remainder when 428056 is divided by 61148?
20
What is the remainder when 47694 is divided by 2805?
9
What is the remainder when 117129 is divided by 102?
33
Calculate the remainder when 4099 is divided by 559.
186
What is the remainder when 52523 is divided by 51?
44
What is the remainder when 2191 is divided by 73?
1
Calculate the remainder when 13442 is divided by 2667.
107
What is the remainder when 43407 is divided by 62?
7
Calculate the remainder when 95972 is divided by 299.
292
What is the remainder when 4727 is divided by 4720?
7
What is the remainder when 857947 is divided by 47?
9
Calculate the remainder when 85944 is divided by 17175.
69
Calculate the remainder when 5857 is divided by 291.
37
What is the remainder when 369019 is divided by 1132?
1119
Calculate the remainder when 157750 is divided by 698.
2
What is the remainder when 3365 is divided by 322?
145
Calculate the remainder when 1439 is divided by 14.
11
What is the remainder when 43330 is divided by 1140?
10
Calculate the remainder when 142703 is divided by 421.
405
Calculate the remainder when 1412 is divided by 554.
304
Calculate the remainder when 19324 is divided by 18.
10
Calculate the remainder when 22951 is divided by 5722.
63
What is the remainder when 11495 is divided by 442?
3
What is the remainder when 20566 is divided by 22?
18
What is the remainder when 1838155 is divided by 37?
32
What is the remainder when 34971 is divided by 135?
6
Calculate the remainder when 636 is divided by 285.
66
What is the remainder when 727833 is divided by 242610?
3
What is the remainder when 2941 is divided by 733?
9
Calculate the remainder when 5247 is divided by 41.
40
What is the remainder when 1213 is divided by 418?
377
Calculate the remainder when 61746 is divided by 823.
21
Calculate the remainder when 59824 is divided by 1994.
4
What is the remainder when 220969 is divided by 219?
217
Calculate the remainder when 5826 is divided by 767.
457
What is the remainder when 12775 is divided by 2780?
1655
What is the remainder when 2705505 is divided by 564?
561
What is the remainder when 3715 is divided by 1032?
619
What is the remainder when 348403 is divided by 47?
39
Calculate the remainder when 26530 is divided by 116.
82
What is the remainder when 49489 is divided by 202?
201
Wha